3
What are the prime factors of 1606784?
2, 12553
List the prime factors of 10870024.
2, 11, 101, 1223
What are the prime factors of 9052?
2, 31, 73
List the prime factors of 6582274.
2, 3291137
What are the prime factors of 5159593?
29, 177917
What are the prime factors of 988614?
2, 3, 11, 4993
List the prime factors of 63594.
2, 3, 3533
List the prime factors of 4061477.
7, 271, 2141
What are the prime factors of 710411?
13, 54647
List the prime factors of 272512.
2, 2129
List the prime factors of 1783715.
5, 53, 127
What are the prime factors of 753734?
2, 31, 12157
What are the prime factors of 385200?
2, 3, 5, 107
What are the prime factors of 80468?
2, 20117
List the prime factors of 282313.
282313
What are the prime factors of 5596752?
2, 3, 7, 16657
What are the prime factors of 3692947?
29, 127343
List the prime factors of 186900.
2, 3, 5, 7, 89
List the prime factors of 553144.
2, 69143
What are the prime factors of 244924?
2, 61231
List the prime factors of 5280227.
239, 22093
What are the prime factors of 748101?
3, 249367
What are the prime factors of 4301290?
2, 5, 7, 43, 1429
What are the prime factors of 932574?
2, 3, 47, 3307
What are the prime factors of 1183111?
19, 73, 853
What are the prime factors of 164414?
2, 82207
What are the prime factors of 60409?
193, 313
List the prime factors of 13277754.
2, 3, 7, 105379
What are the prime factors of 172126?
2, 89, 967
What are the prime factors of 127919?
11, 29, 401
List the prime factors of 661644.
2, 3, 18379
List the prime factors of 876444.
2, 3, 73037
What are the prime factors of 620924?
2, 155231
List the prime factors of 338604.
2, 3, 7, 29, 139
What are the prime factors of 20356499?
47, 433117
What are the prime factors of 24517033?
47, 467, 1117
List the prime factors of 1324017.
3, 131, 1123
What are the prime factors of 8296680?
2, 3, 5, 7, 17, 83
List the prime factors of 3367072.
2, 43, 2447
What are the prime factors of 10565155?
5, 71, 29761
List the prime factors of 210864.
2, 3, 23, 191
What are the prime factors of 4321053?
3, 11, 14549
List the prime factors of 77959.
7, 37, 43
What are the prime factors of 148247?
11, 13477
List the prime factors of 574645.
5, 281, 409
What are the prime factors of 16462543?
16462543
What are the prime factors of 32536?
2, 7, 83
What are the prime factors of 782149?
782149
What are the prime factors of 470986?
2, 235493
What are the prime factors of 312810?
2, 3, 5, 10427
What are the prime factors of 2764278?
2, 3, 11, 23, 607
What are the prime factors of 492?
2, 3, 41
What are the prime factors of 344237?
344237
List the prime factors of 30636351.
3, 137, 24847
List the prime factors of 103272.
2, 3, 13, 331
List the prime factors of 364276.
2, 11, 17, 487
What are the prime factors of 800121?
3, 7, 5443
What are the prime factors of 15500430?
2, 3, 5, 11, 17, 307
What are the prime factors of 323945?
5, 67, 967
What are the prime factors of 2230595?
5, 523, 853
What are the prime factors of 9573852?
2, 3, 79, 10099
List the prime factors of 379758.
2, 3, 167, 379
List the prime factors of 3558196.
2, 109, 8161
List the prime factors of 1775124.
2, 3, 13, 3793
List the prime factors of 14645529.
3, 47, 3847
What are the prime factors of 1020217?
11, 163, 569
What are the prime factors of 5508361?
61, 73, 1237
List the prime factors of 2879173.
11, 47, 5569
What are the prime factors of 8251503?
3, 13, 23, 9199
What are the prime factors of 9239347?
13, 17, 97, 431
What are the prime factors of 12732418?
2, 199, 31991
List the prime factors of 813389.
547, 1487
What are the prime factors of 19168820?
2, 5, 11, 89
What are the prime factors of 1544709?
3, 514903
List the prime factors of 4977752.
2, 13, 23, 2081
List the prime factors of 7196388.
2, 3, 599699
What are the prime factors of 16087106?
2, 7, 89, 12911
What are the prime factors of 1081598?
2, 7, 23, 3359
What are the prime factors of 2925574?
2, 59, 24793
List the prime factors of 664242.
2, 3, 149, 743
What are the prime factors of 547304?
2, 37, 43
What are the prime factors of 357428?
2, 19, 4703
List the prime factors of 150682.
2, 7, 47, 229
What are the prime factors of 17750204?
2, 23, 29, 6653
What are the prime factors of 73939?
73939
What are the prime factors of 3979961?
1987, 2003
List the prime factors of 23821.
7, 41, 83
List the prime factors of 327357.
3, 36373
List the prime factors of 598369.
598369
What are the prime factors of 287660?
2, 5, 19, 757
List the prime factors of 553846.
2, 31, 8933
What are the prime factors of 594789?
3, 13, 101, 151
List the prime factors of 855409.
149, 5741
What are the prime factors of 839857?
19, 44203
What are the prime factors of 1028899?
691, 1489
List the prime factors of 247293.
3, 43, 71
What are the prime factors of 400033?
400033
What are the prime factors of 181619?
181619
What are the prime factors of 1816680?
2, 3, 5, 15139
List the prime factors of 3826953.
3, 13, 10903
List the prime factors of 3584553.
3, 7, 131, 1303
List the prime factors of 1249720.
2, 5, 157, 199
What are the prime factors of 7468009?
7468009
What are the prime factors of 786523?
757, 1039
What are the prime factors of 351624?
2, 3, 7, 13, 23
List the prime factors of 4375177.
4375177
What are the prime factors of 5012121?
3, 83, 20129
What are the prime factors of 7931?
7, 11, 103
What are the prime factors of 6365620?
2, 5, 318281
What are the prime factors of 3187033?
3187033
List the prime factors of 755274.
2, 3, 13, 23, 421
What are the prime factors of 1168743?
3, 223, 1747
What are the prime factors of 243193?
157, 1549
List the prime factors of 378079.
13, 127, 229
What are the prime factors of 14453940?
2, 3, 5, 240899
List the prime factors of 770228.
2, 192557
What are the prime factors of 5854865?
5, 59, 89, 223
List the prime factors of 151730.
2, 5, 15173
List the prime factors of 550903.
550903
List the prime factors of 26356130.
2, 5, 2635613
List the prime factors of 20518874.
2, 443, 23159
What are the prime factors of 1177908?
2, 3, 103, 953
What are the prime factors of 1742287?
347, 5021
List the prime factors of 1153698.
2, 3, 7, 13, 2113
List the prime factors of 13785301.
13785301
What are the prime factors of 4488913?
11, 13, 31391
What are the prime factors of 1265788?
2, 71, 4457
List the prime factors of 1889506.
2, 43, 127, 173
List the prime factors of 220006.
2, 41, 2683
List the prime factors of 1035251.
7, 71, 2083
List the prime factors of 5101441.
5101441
What are the prime factors of 14646661?
71, 206291
What are the prime factors of 480785?
5, 96157
What are the prime factors of 158539?
23, 61, 113
What are the prime factors of 6254027?
13, 139, 3461
List the prime factors of 188452.
2, 11, 4283
List the prime factors of 9070100.
2, 5, 13, 6977
List the prime factors of 190994.
2, 29, 37, 89
List the prime factors of 1985605.
5, 37, 10733
What are the prime factors of 24923?
24923
List the prime factors of 2850472.
2, 587, 607
What are the prime factors of 330104?
2, 41263
List the prime factors of 502952.
2, 62869
What are the prime factors of 7473465?
3, 5, 6151
List the prime factors of 1935074.
2, 19, 50923
List the prime factors of 41971.
19, 47
What are the prime factors of 709112?
2, 137, 647
List the prime factors of 125966.
2, 62983
List the prime factors of 15034107.
3, 11, 455579
What are the prime factors of 273561?
3, 67, 1361
List the prime factors of 11110998.
2, 3, 59, 31387
List the prime factors of 2158212.
2, 3, 7, 25693
What are the prime factors of 2763979?
17, 23, 7069
What are the prime factors of 1164817?
1164817
List the prime factors of 691062.
2, 3, 149, 773
List the prime factors of 1927202.
2, 963601
What are the prime factors of 338582?
2, 31, 43, 127
List the prime factors of 863184.
2, 3, 7, 367
What are the prime factors of 324093?
3, 7, 11, 23, 61
What are the prime factors of 173626?
2, 86813
What are the prime factors of 130699?
130699
What are the prime factors of 5660768?
2, 176899
What are the prime factors of 103748?
2, 37, 701
List the prime factors of 78418.
2, 39209
What are the prime factors of 509448?
2, 3, 21227
What are the prime factors of 14733300?
2, 3, 5, 67, 733
What are the prime factors of 166100?
2, 5, 11, 151
What are the 